0018841.
271, 147671
List the prime factors of 507072.
2, 3, 19, 139
List the prime factors of 3065971.
3065971
What are the prime factors of 2236901?
2236901
List the prime factors of 66777.
3, 22259
List the prime factors of 5022077.
2239, 2243
What are the prime factors of 1210191?
3, 23, 17539
List the prime factors of 504795.
3, 5, 73, 461
List the prime factors of 346394.
2, 31, 37, 151
What are the prime factors of 1478566?
2, 739283
List the prime factors of 8335446.
2, 3, 7, 198463
What are the prime factors of 66830?
2, 5, 41, 163
List the prime factors of 7158073.
13, 550621
List the prime factors of 922089.
3, 7, 19, 2311
What are the prime factors of 3039372?
2, 3, 7, 1723
List the prime factors of 23853142.
2, 17, 233, 3011
What are the prime factors of 9993699?
3, 123379
What are the prime factors of 599220?
2, 3, 5, 3329
What are the prime factors of 4106068?
2, 41, 25037
What are the prime factors of 233197?
23, 10139
List the prime factors of 314013.
3, 7, 19, 787
List the prime factors of 9666738.
2, 3, 537041
What are the prime factors of 2015993?
7, 29, 9931
What are the prime factors of 1424122?
2, 7, 101723
List the prime factors of 15186781.
47, 323123
List the prime factors of 2050449.
3, 683483
What are the prime factors of 508332?
2, 3, 11, 3851
What are the prime factors of 233852?
2, 17, 19, 181
List the prime factors of 127092.
2, 3, 7, 17, 89
What are the prime factors of 4997435?
5, 107, 9341
List the prime factors of 2249592.
2, 3, 67, 1399
What are the prime factors of 14444582?
2, 7222291
List the prime factors of 178310.
2, 5, 11, 1621
What are the prime factors of 499633?
499633
List the prime factors of 4914869.
4914869
What are the prime factors of 4720623?
3, 1573541
List the prime factors of 18835.
5, 3767
List the prime factors of 2607403.
2607403
What are the prime factors of 15398835?
3, 5, 19, 71, 761
What are the prime factors of 140967?
3, 23, 227
List the prime factors of 177385.
5, 13, 2729
List the prime factors of 11035739.
11, 13, 229, 337
What are the prime factors of 63302?
2, 31, 1021
List the prime factors of 684292.
2, 7, 24439
List the prime factors of 1828913.
571, 3203
List the prime factors of 226001.
226001
What are the prime factors of 8287907?
59, 140473
List the prime factors of 699857.
29, 24133
List the prime factors of 1696711.
1696711
What are the prime factors of 256737?
3, 13, 29, 227
What are the prime factors of 1114584?
2, 3, 46441
What are the prime factors of 1518870?
2, 3, 5, 197, 257
What are the prime factors of 357257?
19, 18803
What are the prime factors of 6809204?
2, 613, 2777
What are the prime factors of 121580?
2, 5, 6079
List the prime factors of 3137242.
2, 19, 82559
What are the prime factors of 1194587?
19, 62873
What are the prime factors of 875425?
5, 19, 97
What are the prime factors of 2532170?
2, 5, 313, 809
List the prime factors of 19853220.
2, 3, 5, 330887
List the prime factors of 1535508.
2, 3, 13, 17, 193
List the prime factors of 8638749.
3, 7, 19, 1031
What are the prime factors of 34299384?
2, 3, 7, 204163
What are the prime factors of 332034?
2, 3, 55339
What are the prime factors of 335533?
11, 47, 59
List the prime factors of 6325922.
2, 31, 102031
What are the prime factors of 867943?
867943
What are the prime factors of 8561339?
8561339
List the prime factors of 1722383.
13, 132491
List the prime factors of 1491039.
3, 11, 15061
List the prime factors of 91712.
2, 1433
What are the prime factors of 1045592?
2, 130699
What are the prime factors of 2423990?
2, 5, 242399
What are the prime factors of 2146086?
2, 3, 119227
List the prime factors of 187147.
31, 6037
List the prime factors of 196524.
2, 3, 53, 103
What are the prime factors of 4245682?
2, 7, 17, 17839
What are the prime factors of 182383?
271, 673
List the prime factors of 5849830.
2, 5, 7, 193, 433
What are the prime factors of 237247?
67, 3541
List the prime factors of 598754.
2, 13, 23029
What are the prime factors of 2084305?
5, 139, 2999
What are the prime factors of 1392032?
2, 41, 1061
List the prime factors of 112198.
2, 56099
List the prime factors of 3121238.
2, 23, 67853
What are the prime factors of 604863?
3, 7, 9601
List the prime factors of 878372.
2, 11, 19963
List the prime factors of 2465533.
7, 67, 751
What are the prime factors of 16377546?
2, 3, 2729591
What are the prime factors of 10511715?
3, 5, 700781
What are the prime factors of 1604729?
7, 229247
What are the prime factors of 224164?
2, 56041
List the prime factors of 3993833.
3993833
What are the prime factors of 229819?
229819
What are the prime factors of 1570720?
2, 5, 9817
What are the prime factors of 1142383?
11, 17, 41, 149
List the prime factors of 4773066.
2, 3, 19, 149, 281
List the prime factors of 10119698.
2, 73, 69313
What are the prime factors of 379350?
2, 3, 5, 281
What are the prime factors of 276546?
2, 3, 46091
List the prime factors of 18681417.
3, 2075713
List the prime factors of 6168255.
3, 5, 19, 23, 941
List the prime factors of 23191853.
23191853
List the prime factors of 435990.
2, 3, 5, 14533
List the prime factors of 167055.
3, 5, 7, 37, 43
List the prime factors of 146645.
5, 139, 211
What are the prime factors of 1628709?
3, 31, 83, 211
What are the prime factors of 49390?
2, 5, 11, 449
What are the prime factors of 243067?
11, 19, 1163
List the prime factors of 13752457.
103, 133519
What are the prime factors of 18093748?
2, 229, 19753
What are the prime factors of 29105571?
3, 11, 881987
List the prime factors of 38162492.
2, 29, 269, 1223
List the prime factors of 824020.
2, 5, 41201
What are the prime factors of 5088873?
3, 1696291
What are the prime factors of 727147?
251, 2897
What are the prime factors of 823466?
2, 7, 131, 449
List the prime factors of 2806101.
3, 167, 1867
What are the prime factors of 2267064?
2, 3, 23, 37
List the prime factors of 671302.
2, 59, 5689
What are the prime factors of 1192253?
1192253
List the prime factors of 1106125.
5, 8849
What are the prime factors of 65975?
5, 7, 13, 29
List the prime factors of 3252790.
2, 5, 239, 1361
List the prime factors of 1626196.
2, 11, 13, 2843
What are the prime factors of 1197226?
2, 598613
What are the prime factors of 3459026?
2, 19, 227, 401
What are the prime factors of 885311?
7, 126473
What are the prime factors of 1239894?
2, 3, 22961
List the prime factors of 3796346.
2, 983, 1931
What are the prime factors of 4326993?
3, 11, 17, 857
List the prime factors of 630198.
2, 3, 157, 223
List the prime factors of 1538915.
5, 7, 43969
List the prime factors of 3071814.
2, 3, 37, 101, 137
What are the prime factors of 124928?
2, 61
What are the prime factors of 7460438?
2, 3730219
List the prime factors of 12441552.
2, 3, 17, 79, 193
What are the prime factors of 53865?
3, 5, 7, 19
List the prime factors of 598409.
7, 85487
List the prime factors of 126284.
2, 131, 241
List the prime factors of 514106.
2, 257053
What are the prime factors of 451253?
11, 41023
What are the prime factors of 2065961?
2065961
List the prime factors of 707529.
3, 181, 1303
What are the prime factors of 582392?
2, 43, 1693
List the prime factors of 4532564.
2, 19, 23, 2593
List the prime factors of 268098.
2, 3, 44683
List the prime factors of 349044.
2, 3, 17, 29, 59
What are the prime factors of 7397089?
7, 150961
List the prime factors of 24481611.
3, 7, 11, 35327
List the prime factors of 29780358.
2, 3, 97, 51169
List the prime factors of 943630.
2, 5, 197, 479
List the prime factors of 1341257.
1341257
What are the prime factors of 865761?
3, 13, 79, 281
List the prime factors of 3012125.
5, 24097
What are the prime factors of 8890919?
8890919
List the prime factors of 1592311.
7, 227473
List the prime factors of 498301.
498301
What are the prime factors of 3048925?
5, 11, 11087
What are the prime factors of 117812?
2, 29453
List the prime factors of 737500.
2, 5, 59
What are the prime factors of 325123?
43, 7561
List the prime factors of 38466.
2, 3, 2137
List the prime factors of 4006738.
2, 23, 87103
What are the prime factors of 2057278?
2, 113, 9103
List the prime factors of 394211.
394211
List the prime factors of 11019477.
3, 7, 31, 16927
What are the prime factors of 2017493?
2017493
What are the 